nder when 27 is divided by x.
11
Let o be (-2)/6 - (-242)/6. What is the remainder when o/(-4)*(-3 + 0) is divided by 8?
6
Let r = -3 - -6. Suppose -4*s + r = -9. Let k(p) = 2*p**2 + 2*p - 4. What is the remainder when k(-3) is divided by s?
2
Let t(x) = -x - 1. Let z(d) = -6*d - 10. Let g(b) = -4*t(b) + z(b). Let k = 201 + -195. Calculate the remainder when k is divided by g(-5).
2
Let f(c) = -4*c**3 - c**2 + 2*c - 3. Let u be f(-3). Suppose -2*o + u = 2*g + 3*o, -2*g - 3*o = -82. Calculate the remainder when g is divided by 12.
11
Let i = 32 - 6. Let n(p) = -p**3 + 5*p**2 + 5*p + 8. Let q be n(6). Suppose -q*m + 20 = y, -4*m + 5 = -7. Calculate the remainder when i is divided by y.
12
Suppose 99 = 3*y - 0*y. Let u(n) = -n**3 - 2*n**2 + 5*n - 3. Calculate the remainder when y is divided by u(-4).
6
What is the remainder when 55 is divided by (-1 - -2) + 15 + 3?
17
Let k be 7/(-4) + (-3)/12. Let c(u) be the first derivative of -3*u**4/4 + 2*u**3/3 + u**2 - u + 1. What is the remainder when c(k) is divided by 14?
13
Let k(c) = c**2 - 7*c + 3. Suppose 3*w = f - w - 51, -2*f = 4*w - 78. What is the remainder when f is divided by k(8)?
10
Suppose -5*u + 3*d = 10 + 143, -3*u - 115 = 4*d. Let r be (8/10)/(4/(-250)). Let h = u - r. What is the remainder when 49 is divided by h?
15
Let g be 2 + 16 + 2 + 0. Suppose -p - 2*x = -0*p - 15, -x - g = -5*p. Suppose 72 = 5*u + 6*m - 5*m, 4 = u - p*m. What is the remainder when 41 is divided by u?
13
Let k = 1 - -5. Suppose 2*p = k*p - 100. What is the remainder when 72 is divided by p?
22
Let v(z) = z**3 - 2*z**2 + z. Let a be v(2). Suppose -3*h + 4 = -a. Suppose 2*l = -2*w + 48, -l + h*l + 2*w = 28. What is the remainder when l is divided by 11?
9
Let h = -7 + 12. Let o(x) = -x**3 + 6*x**2 - 5*x + 6. Calculate the remainder when o(h) is divided by 4.
2
Suppose 2*i - 5*i + 6 = 0. Suppose 8 = i*w + 32. What is the remainder when (-294)/w - (-2)/4 is divided by 9?
7
Let y = -11 - -13. What is the remainder when 1*(2 - y) + 17 is divided by 9 - (1 + -1)/(-2)?
8
Calculate the remainder when 44 is divided by 26/117 - (-1)/(9/142).
12
Let l = -10 + 16. Suppose -5*z - 3 = -l*z. Calculate the remainder when 11 is divided by (-2)/6 + 13/z.
3
Suppose -2*r - 3*u = -0*u + 7, 0 = -3*r + 3*u + 27. Let x = 0 + 2. Suppose -r*o = x*f - 44, -3*o + 3*f = -o - 38. What is the remainder when o is divided by 5?
3
Suppose -3*k - d + 95 = -2*d, -5*k + 155 = -5*d. Let w(t) = 3*t**2 + 2*t - 4. Calculate the remainder when k is divided by w(-3).
15
Let o = -98 + 104. Calculate the remainder when 6 is divided by o.
0
Suppose -5*f = -0*f - 135. Calculate the remainder when 78 is divided by f.
24
Let p(i) = 25*i**2 + 2*i + 1. What is the remainder when p(-1) is divided by 13?
11
Suppose 0 = -4*w + 4, v - 5*v - 27 = -3*w. What is the remainder when (0 - -2) + 0 + 23 is divided by v/(-9)*(-39)/(-2)?
12
Let q be 89 + 1 + (0 - 1). Suppose -4*w = -27 - q. Suppose 0 = 3*i - t - 47, 10*t + 2 = 9*t. What is the remainder when w is divided by i?
14
Suppose -2*t + 5*l = 2*t - 49, -3*l + 52 = 5*t. Suppose 5*f - 16 = -4*r + t, 4*r - 3*f - 67 = 0. Calculate the remainder when 25 is divided by r.
12
Let h = 13 - 7. Let l be 8/(((-9)/h)/3). Calculate the remainder when (l/(-20))/((-2)/(-15)) is divided by 4.
2
Let f = -6 + 8. Let k be -7*((-6)/3 - -1). Suppose 3*l = f + k. What is the remainder when l is divided by 2?
1
Let g(v) = v**2 + v + 6. Let n be g(5). Suppose -17 = -4*d + 3*s, d + 10 = -5*s - 3. Suppose n = h + d*h. What is the remainder when 45 is divided by h?
9
Suppose 2 + 4 = 2*l. Calculate the remainder when 6 is divided by l.
0
Suppose 169 = 2*v + 65. Calculate the remainder when v is divided by 28.
24
Suppose -2 = -5*o + 523. What is the remainder when o is divided by 27?
24
Let y(r) = -2*r - 3. Suppose -1 = -z - 2. Let w(s) = -10*s - 1. Calculate the remainder when w(z) is divided by y(-4).
4
Suppose 4*n = 5*a + 121, n + 4*a = 18 + 7. Calculate the remainder when 55 is divided by n.
26
Suppose -a - 5 = -8. Suppose -a*l - 21 + 75 = 0. What is the remainder when 51 is divided by l?
15
Suppose 4*w + 3*c = -2*c + 38, 0 = -5*w + 2*c + 31. Calculate the remainder when 34 is divided by w.
6
Let c(l) = l**2 - 2*l - 3. Let n be c(-7). Suppose s = 3*s + 2*d - n, 46 = s - 3*d. Calculate the remainder when s is divided by 9.
7
Suppose 11 = 3*s + o, -4 - 2 = -3*o. What is the remainder when 9 is divided by s?
0
Suppose t + 3*f = -59, f = t - 3*t - 103. Let k(z) = 3*z - 5. Calculate the remainder when (t/4)/((-4)/8) is divided by k(4).
4
Let r(p) = p**3 - 6*p**2 - 7*p - 4. Let s be r(8). Suppose 64 + 186 = -5*w - 5*i, 3*i = 4*w + 179. Let h = s + w. What is the remainder when 40 is divided by h?
19
Let x be (-3)/21 + 752/(-28). Let w = x - -49. What is the remainder when 85 is divided by w?
19
Suppose -w + 7 = 5. Suppose 2*j - 19 = 3*v, j = 4*v + v + 20. Let l = -2 - v. Calculate the remainder when w is divided by l.
0
Let j(k) = -k**2 + 20*k - 13. What is the remainder when j(9) is divided by 29?
28
Suppose 3*y - 5*o = 68, o = -0*y + 5*y - 150. Calculate the remainder when y is divided by 17.
14
Let r = -9 + 44. Calculate the remainder when 174 is divided by r.
34
Let a(u) = 15*u. Let h(f) = -3*f**3 - f**2 - f. Let j be h(-1). Let v be a(j). Suppose k - v = -2*k. What is the remainder when k is divided by 8?
7
Suppose 15 = j + 3*t, -2*j + 29 = 3*t + 5. What is the remainder when 60 is divided by j?
6
Suppose -2*d - 4 = -14. Let x = d - -7. What is the remainder when 50 is divided by (2 - 2) + 1 + x?
11
Suppose 24 = 4*s - s. What is the remainder when 23 - ((-15)/(-3))/5 is divided by s?
6
Let n(m) = m**3 - 4*m**2 + 2*m + 2. Let h(i) = -i + 5. Let o be h(0). What is the remainder when n(o) is divided by 2/6 - (-672)/36?
18
Let f = 3 - -4. Let h = f - 4. Suppose -5*j + h*n - 2*n = -76, 80 = 5*j - 5*n. What is the remainder when j is divided by 8?
7
Let r(y) be the first derivative of -y**4/4 - 5*y**3/3 + 5*y**2/2 + 2*y + 1. What is the remainder when r(-6) is divided by 5?
3
Let g = -246 - -486. Let s = g + -167. What is the remainder when s is divided by 25?
23
Suppose -13 = 5*a - 3. Suppose 2*b + 5 = -5*i - 17, -3*i - b - 13 = 0. Let f = a - i. Calculate the remainder when f is divided by 2.
0
Let y = -11 - -8. Let q = 6 + y. Calculate the remainder when 205/20 - -1*(-2)/8 is divided by q.
1
Suppose -4*b + 2*b = -132. What is the remainder when b is divided by 14?
10
Suppose 755 + 964 = 9*n. What is the remainder when n is divided by 48?
47
Suppose 21 = -6*j + 87. What is the remainder when 29 is divided by j?
7
Suppose -8 = 3*b + 5*m, 8*m - 3*m = -5*b. Suppose -1 + b = u. What is the remainder when (0 - u)/(-3) - -22 is divided by 12?
11
Let s = 0 + 14. Let r = 33 - s. Calculate the remainder when 56 is divided by r.
18
Let p(t) = -t**2 - 19*t - 5. Suppose -4*i + 0*i = -16. Suppose k = i*k - 15. Calculate the remainder when p(-18) is divided by k.
3
Suppose 35 = -s + 109. Let f = -29 + s. What is the remainder when f is divided by 12?
9
Suppose 169 = 3*r + 3*f + 40, -2*f - 58 = -r. Let g = r + -34. What is the remainder when 27 is divided by g?
13
Let j(r) = -3*r - 2 + 4 + 14*r. Let y be j(2). Suppose -y = -4*m + 4. What is the remainder when 13 is divided by m?
6
Suppose 9 = v + 2*v. Let f be 0/(3*1/3). What is the remainder when 29 is divided by (v - (f + 2))*16?
13
What is the remainder when 74 is divided by (-20)/5 + 7 + 1 + 15?
17
Let d(q) = 17*q - 2. Let c(b) = 2 + 0*b**2 - b + b**2 - 3 - 16*b**3. Calculate the remainder when d(2) is divided by c(-1).
15
Let q(p) = 7*p**3 + p**2 - 2*p + 1. Let z be q(1). Suppose -z*t + 56 = -3*t. Calculate the remainder when 18*1*(-6)/(-4) is divided by t.
13
Let t(u) = -4*u + 4. Calculate the remainder when t(-11) is divided by 25.
23
Let w be (-2 - -1)*(-3 + 2). Let q be (w - 0) + 6 - 1. What is the remainder when (-1)/(-3) - (-40)/q is divided by 4?
3
Suppose 0 = -4*b + 5*v + 48, -4*v + 4 = 5*b - 56. Calculate the remainder when 34 is divided by b.
10
Calculate the remainder when 152 is divided by (572/66)/(1/3).
22
Let l = -3 + 6. Suppose -t - l*c = -19, -3*t - t - c = -21. Suppose -k = -t*k - r + 45, k - 17 = -r. Calculate the remainder when 41 is divided by k.
13
Suppose -3*o - 19 = -7*o - t, 0 = o 